92
In base 11, what is -11533 - -278?
-11266
In base 15, what is 7bb + -8913?
-8147
In base 8, what is -6707435 - -66?
-6707347
In base 15, what is -707 + -5d6?
-cdd
In base 6, what is -55504 - 113551?
-213455
In base 5, what is 4 - 4122404212?
-4122404203
In base 2, what is -1000110 + 11101111011000010000?
11101111010111001010
In base 8, what is -2353 - -25375?
23022
In base 10, what is -6851 - -16566?
9715
In base 9, what is -7623371 - 4?
-7623375
In base 15, what is -b1d14b + 0?
-b1d14b
In base 5, what is 21 - -4330022224?
4330022300
In base 8, what is 650233 - -6450?
656703
In base 14, what is -171c93 - -a?
-171c87
In base 2, what is -11111110110000101001111110 - -11?
-11111110110000101001111011
In base 4, what is -331102133 + -330022?
-332032221
In base 7, what is 14064223 - -346?
14064602
In base 3, what is -1220012001221022 + 12?
-1220012001221010
In base 11, what is -11 - 7482?
-7493
In base 10, what is -2 - -49171301?
49171299
In base 14, what is -1 - 3114794d?
-31147950
In base 16, what is 24c - -18196?
183e2
In base 8, what is 105130 + -621?
104307
In base 6, what is 51 - -250233344?
250233435
In base 8, what is -25725305 - -6?
-25725277
In base 11, what is -7aa - 16882?
-17581
In base 5, what is 4 + -103131032123?
-103131032114
In base 7, what is 511113254 + 1?
511113255
In base 2, what is -111011001011 - 11111100110011011?
-100000100001100110
In base 4, what is 1002 + -220112210?
-220111202
In base 15, what is 5955 + -64?
58e1
In base 14, what is 217b970 - -4?
217b974
In base 6, what is 100 + 10002025?
10002125
In base 7, what is -22 + -4601056?
-4601111
In base 13, what is 2c715 - 162a?
2b0b8
In base 9, what is -30 - 107443?
-107473
In base 4, what is 1 + -1330322331033?
-1330322331032
In base 4, what is 12 - -2133112110?
2133112122
In base 16, what is -9 + 4eb44?
4eb3b
In base 3, what is -1111212200 - -200211202?
-211000221
In base 15, what is -72268d + -a?
-722698
In base 4, what is 21020211323231 - -11?
21020211323302
In base 6, what is -534400 + -1040?
-535440
In base 12, what is 186b347 - 102?
186b245
In base 12, what is 833 + 2a375?
2aba8
In base 7, what is -16 + 1602406?
1602360
In base 2, what is 101111000110 + -101111111?
101001000111
In base 5, what is -42210424 - 13?
-42210442
In base 16, what is -1c0 + 5f10?
5d50
In base 12, what is 4966 - -132b?
6095
In base 8, what is 30577 - -603?
31402
In base 16, what is 0 - b82636?
-b82636
In base 12, what is 50b88 + -511?
50677
In base 4, what is -1232 + -20302100012?
-20302101310
In base 13, what is -3 + -499643?
-499646
In base 8, what is 271 - 226324?
-226033
In base 7, what is 66042515 + 4?
66042522
In base 6, what is -1212552241 + -23?
-1212552304
In base 4, what is -12 + -112222230113?
-112222230131
In base 10, what is 5 - -5363547?
5363552
In base 9, what is 0 + -304462582?
-304462582
In base 16, what is -ef1 + -45?
-f36
In base 11, what is -53 + -23a288?
-23a330
In base 14, what is 2 + -1dad15?
-1dad13
In base 14, what is c1c2 - -c3c?
d020
In base 3, what is -2 - -100100111110?
100100111101
In base 4, what is -101133 - 212231?
-320030
In base 13, what is 90 - 163a455?
-163a395
In base 3, what is -2111020010221 + 2100?
-2111020001121
In base 9, what is 261100642 + 3?
261100645
In base 8, what is -52462 - -4614?
-45646
In base 9, what is -6 + -200558?
-200565
In base 2, what is -1110100 - -1101001101010000?
1101001011011100
In base 3, what is -1112122 - -1122120000?
1121000101
In base 4, what is 2313 + -1302001121?
-1301332202
In base 10, what is -2520 - -53066?
50546
In base 9, what is 302600 + -103?
302486
In base 14, what is -1 + 2bd1395?
2bd1394
In base 3, what is 2110011212100220 - 111?
2110011212100102
In base 7, what is -2 - 1056342212?
-1056342214
In base 3, what is -2000 - 201021010?
-201100010
In base 16, what is e26 + 4deb?
5c11
In base 5, what is -4 + -14033103111?
-14033103120
In base 12, what is 2137a134 + -5?
2137a12b
In base 7, what is 1 + 345066022?
345066023
In base 10, what is 5425596 - -8?
5425604
In base 13, what is 966 - 9acc?
-9166
In base 11, what is a257a + -39?
a2541
In base 7, what is -36420443 + -4?
-36420450
In base 14, what is -240 - -12ad?
106d
In base 10, what is -3550 + 160?
-3390
In base 4, what is 3131113133033 - -2?
3131113133101
In base 6, what is 154 + 150545?
151143
In base 6, what is -5 + 3424404141?
3424404132
In base 15, what is -19994bb + 4?
-19994b7
In base 11, what is 7 + -723752?
-723746
In base 10, what is 5 - -3151686?
3151691
In base 15, what is -1355e2 - 14e?
-135741
In base 7, what is -1444 - -135200?
133423
In base 4, what is -102 - -30320212323?
30320212221
In base 5, what is 412040 - 41?
411444
In base 5, what is -23312111 - -3?
-23312103
In base 3, what is -1002002 - 20212122222?
-20220202001
In base 7, what is 113 - 603601?
-603455
In base 4, what is 220323132 - -20?
220323212
In base 12, what is 13 + -5093b4?
-5093a1
In base 9, what is -4835870 + -5?
-4835875
In base 4, what is 1003330130212 - -2?
1003330130220
In base 13, what is -2471cb - -3?
-2471c8
In base 7, what is 1 - -100314504?
100314505
In base 11, what is 8 + 12a19988?
12a19995
In base 9, what is 16518 - -13424?
31043
In base 4, what is -11212032 - -3321113?
-1230313
In base 13, what is 2a8c0 + -84?
2a839
In base 4, what is -333032321332 + 1?
-333032321331
In base 11, what is -22236 - 2870?
-24aa6
In base 3, what is 1 - 12002001220120?
-12002001220112
In base 11, what is -2782883 + -29?
-2782901
In base 8, what is -1 - 17577737?
-17577740
In base 2, what is -1100010010010 - -101001110000110?
11101011110100
In base 7, what is 135 - -53203354?
53203522
In base 2, what is 1000100010011 - 110111111011?
1100011000
In base 4, what is -1033 - 300220?
-301313
In base 13, what is 1 + b7a229?
b7a22a
In base 6, what is -104525325224 + 2?
-104525325222
In base 15, what is a972d6 - 3?
a972d3
In base 10, what is 541922 - 9?
541913
In base 3, what is -10 - -20111120120021201?
20111120120021121
In base 13, what is 2c43b250 + -5?
2c43b248
In base 7, what is 0 + 110122426?
110122426
In base 9, what is 11375066 + -1?
11375065
In base 3, what is 2020021200011111 + -12?
2020021200011022
In base 3, what is -10 + 1000012001012021?
1000012001012011
In base 4, what is 13313000 - 11222?
13301112
In base 16, what is -2c16ca + 9?
-2c16c1
In base 6, what is 1053520 + 3550?
1101510
In base 4, what is -1 - -102302131330?
102302131323
In base 6, what is -1 + 25014105?
25014104
In base 15, what is cd99 + -2ac?
cadc
In base 3, what is 11 + 20011020000002?
20011020000020
In base 2, what is 1010 + 11011101110001111000?
11011101110010000010
In base 11, what is -15792481 + 0?
-15792481
In base 4, what is 11021331 + 1000100?
12022031
In base 16, what is aed7e3 + -1?
aed7e2
In base 7, what is 1035014 - 12046?
1022635
In base 12, what is 8 - -318803a9?
318803b5
In base 16, what is c + 17b8c2?
17b8ce
In base 16, what is 1b + 3474a6?
3474c1
In base 7, what is 216044 + -1036?
215005
In base 8, what is -6226421 - -273?
-6226126
In base 2, what is -100 + -1100111101000100100000111?
-1100111101000100100001011
In base 4, what is 10 - 1031202202013?
-1031202202003
In base 16, what is -2 + a3a222?
a3a220
In base 4, what is -11131113302013 + 0?
-11131113302013
In base 3, what is 1102020102122221 - 0?
1102020102122221
In base 12, what is b6b - -2944?
38b3
In base 2, what is -1001000111010010001001 - -1101101?
-1001000111010000011100
In base 11, what is 4 + -167a1?
-16798
In base 6, what is -1 + -352052350?
-352052351
In base 16, what is 2 + 5fbfbd?
5fbfbf
In base 5, what is -1000211120 + 2?
-1000211113
In base 4, what is 3213303 - 30?
3213213
In base 14, what is 9b6c + 126?
9c94
In base 3, what is 1221012222212 - 1?
1221012222211
In base 8, what is 6242664 + 1?
6242665
In base 15, what is -1e8a1 - 1c8?
-1ea79
In base 7, what is 12314 - 3621364?
-3606050
In base 16, what is -b + 718e67?
718e5c
In base 15, what is -199 + -227a8?
-22952
In base 2, what is -1 - 1011101100011011100010?
-1011101100011011100011
In base 2, what is 101100010101100 - 1110010010?
101010100011010
In base 4, what is -102122 + -10200130211?
-10200232333
In base 5, what is 131123 - 1110020?
-423342
In base 14, what is 4 + 3877a55?
3877a59
In base 7, what is -2 - -23130452?
23130450
In base 15, what is -22 + -1ea9a?
-1eabc
In base 7,